5/20 a multiple of 21?
False
Let t(s) be the second derivative of s**4/12 + s**3/2 - 2*s**2 + 3*s. Is 14 a factor of t(-6)?
True
Suppose 2*c - 7 + 1 = 0. Suppose 140 = c*q + 2*q. Is q a multiple of 7?
True
Suppose 0*q - 3*m = -q + 43, 3*m = 3*q - 147. Suppose 0 = x + 5*l - q, -3*x = -4*l - 0*l - 99. Is 10 a factor of x?
False
Let b = 8 + -6. Is (-1 + -1)/(b/(-8)) a multiple of 7?
False
Suppose -2*d - 146 = r - 3*r, -5*r = -3*d - 363. Does 12 divide r?
True
Let u(o) = -o**3 + 7*o**2 + 10*o - 10. Does 6 divide u(8)?
True
Does 10 divide 89/((-2)/8*(-2 + -2))?
False
Let h(r) = 9*r**2 + 3*r + 1. Let u(i) be the first derivative of 8*i**3/3 + i**2 + 1. Let q(l) = -2*h(l) + 3*u(l). Is q(-2) a multiple of 11?
True
Let u be (-3 - -4) + 1 + 0. Suppose 0 = -u*b - 0*b + 18. Is 6 a factor of b?
False
Suppose -2*k - w + 11 = -2*w, 0 = 5*k - 2*w - 25. Suppose -k - 21 = -2*x. Does 12 divide x?
True
Suppose -3*t + 459 = -0*t. Suppose -t = 4*z - z. Let i = z + 90. Is i a multiple of 16?
False
Suppose 0 = -i - 2*q - 3*q - 7, 0 = -2*q - 8. Let x be -2 + 2 + -1 + -6. Let p = i + x. Does 3 divide p?
True
Let l(y) = y - 4. Let k be l(0). Let a(c) = 0*c + 2*c + 3 - 3*c - 4. Is 3 a factor of a(k)?
True
Let f = -74 - -159. Does 17 divide f?
True
Let s(a) = a**2 + 5*a + 5. Let t be s(-5). Suppose -t*h + 18 = -62. Is 8 a factor of h?
True
Let i = -45 + 31. Suppose 0 = 3*c - v + 4 + 2, -c + 5*v = -12. Let m = c - i. Does 6 divide m?
False
Let a = 7 - 12. Does 3 divide 2/(-5) + (-32)/a?
True
Let i(k) = 10*k**2 - 15*k - 3. Let w(q) = 3*q**2 - 5*q - 1. Let s(m) = 2*i(m) - 7*w(m). Let h(a) be the first derivative of s(a). Does 13 divide h(-4)?
True
Let u(a) = -a**3 + a**2 + a + 27. Let w be u(0). Does 5 divide -2*(w/(-6) - -1)?
False
Let j be 3*((-82)/(-3) - 2). Suppose 3*g - 161 = j. Suppose 2*o + 10 = 3*h + g, -2*o - h = -57. Is o a multiple of 15?
True
Let d(t) = 3*t**2 + 4*t - 6. Is d(-5) a multiple of 9?
False
Suppose 4*q + 0*q - 216 = 0. Does 10 divide q?
False
Does 20 divide -1 - ((-2 - -1) + -103)?
False
Let o(l) = -7*l + 1. Let y = 7 - 2. Let h = 2 - y. Is 11 a factor of o(h)?
True
Suppose 14 = -4*i - 10. Let c(j) = -5*j - 5. Is c(i) a multiple of 17?
False
Suppose 4*r - 42 = 2*a, -31 = 5*r + 3*a - 111. Is 11 a factor of r?
False
Let p be 214/6 + (-8)/(-24). Suppose -i + 4*k + p = 2, -147 = -5*i - 3*k. Is i a multiple of 10?
True
Let h = -23 + 38. Does 15 divide h?
True
Let g(r) = -2*r**2 - 12*r + 3. Let w be g(-6). Suppose -4*q + 27 = 5*j - 2*j, -w*j = -3*q + 15. Is q even?
True
Let g(y) = 5*y - 12. Is g(5) a multiple of 4?
False
Let s(w) = 18*w**2 + 1. Is 8 a factor of s(-1)?
False
Does 25 divide (-1)/3 + (-1360)/(-12)?
False
Suppose -2*z + 20 = 2*z. Let h = z + 12. Is 7 a factor of h?
False
Suppose -s + 17 = -4*s + 5*p, 2*p - 14 = 3*s. Does 12 divide s*(3 + (-158)/8)?
False
Suppose 724 = 4*z - 0*j - 4*j, 5*z - 917 = 2*j. Suppose -3*c + z = 2*c. Does 12 divide c?
False
Let s(c) = -c**3 + 8*c**2 - 7*c + 2. Let o be s(7). Suppose -4*x + 138 = o*k, 3*k - 129 = -5*x + 44. Let p = x + 0. Is 9 a factor of p?
False
Let o be 0*(0/(-2) + 1). Suppose -2*q + 166 - 10 = o. Is q a multiple of 20?
False
Does 3 divide 249/12 + -1 + (-2)/(-8)?
False
Suppose 4 = -2*f, -3 = 3*i - 4*f - 86. Is i a multiple of 8?
False
Suppose 2*m = b - 17, 0 = -4*m - 0*m + b - 35. Let v = m + 16. Does 7 divide v?
True
Let h be -6 + 0 + (0 - -2). Let j = h + 9. Is j a multiple of 5?
True
Let p(i) = i**3 + 5*i**2 - 7*i. Let t be p(-6). Suppose -3*n = q - 6*n - t, 4 = 2*q - 4*n. Let o = 21 + q. Does 15 divide o?
True
Suppose -2*i = 5*t + 13, -3*t = 2*i + i - 3. Suppose -4*c - i = 10. Let p(r) = r**2 + r - 4. Is p(c) a multiple of 4?
True
Let l(h) = -2*h + 9. Let n be l(6). Is 21 a factor of n/2*-14*1?
True
Suppose -5*q - 2*n + 560 = 0, -n - 74 - 45 = -q. Is q a multiple of 22?
False
Let i = 14 + 2. Let p = 18 - 29. Let v = p + i. Is v a multiple of 5?
True
Let n be 2/(-7) - 69/(-21). Let y be 2/(n/(-3))*4. Let x = y - -12. Is 4 a factor of x?
True
Let l be (6/4)/(9/30). Is 8 a factor of ((-8)/2)/(l/(-40))?
True
Suppose x - 3*n - 192 = 0, -n - 4 + 180 = x. Suppose -5*z + 10*z = -x. Let m = -20 - z. Is 14 a factor of m?
False
Let s = 135 - 77. Suppose s = 2*o + 22. Does 7 divide o?
False
Suppose -4*g - 7 = -27. Suppose -g*a + 2*d = -310, 2*d = -2 - 8. Does 30 divide a?
True
Does 20 divide 826/9 + 6/27?
False
Suppose 5*g + 0*g - 10 = 0. Is 16 a factor of (0 + (g - 1))*16?
True
Let p(h) be the first derivative of -h**4/4 - h**3/3 - 2*h**2 - 3*h - 2. Is p(-3) a multiple of 20?
False
Suppose 4*l = -3*c + 2*l + 4, -5*c = -3*l + 25. Does 20 divide (-37)/c + 3/2?
True
Let d = 1560 - 1102. Suppose 536 - 82 = 5*m - f, 5*m - 2*f - d = 0. Suppose m = 4*g + g. Is 9 a factor of g?
True
Let u = -294 - -493. Suppose 0 = 4*z + 7 - 203. Suppose -5*o = -u + z. Does 15 divide o?
True
Let t = 1 - -1. Is (-4 + 0)*(-2)/t a multiple of 4?
True
Suppose 7*k - 36 = 3*k + 4*s, 5*k + s - 39 = 0. Let o = 50 - k. Is 10 a factor of o?
False
Let h(c) = 1 + 1 - 2*c**2 + c**3 + c**2. Let i be h(2). Suppose -z + 6 = -0*n + n, 0 = 2*n + i. Is 4 a factor of z?
False
Let t = 401 + -216. Is 36 a factor of t?
False
Is 8 a factor of (-260)/(-15) - 4/3?
True
Let r(h) = h**3 - 9*h**2 + 11*h - 9. Suppose 4*j + x + 4 = 32, -5*x - 12 = j. Is 11 a factor of r(j)?
False
Let w = 6 - 5. Let f(v) = 20*v. Is f(w) a multiple of 7?
False
Is 1 - 24/(-9) - 1/(-3) a multiple of 4?
True
Let i be ((-8)/(-20))/(2/20). Let j(v) = 5*v**2 - 15*v + 1. Let g(u) = -3*u**2 + 7*u. Let r(z) = i*j(z) + 7*g(z). Is r(-10) a multiple of 7?
True
Suppose -6*c = 12*c - 2268. Is 14 a factor of c?
True
Suppose -8 = -4*x, -4*t - 3*x - 7 = -1. Let p = t + 7. Is 4 a factor of p?
True
Suppose 0 = -2*t + 6, 4*y + 3*t + 7 = -0. Let b = -2 - y. Does 14 divide (-182)/(-6) + b/(-6)?
False
Suppose -2*w - 4 = -72. Suppose 0 = -2*l + 5*l + v - w, 4*v + 8 = 0. Is 7 a factor of 69/l*4/1?
False
Suppose d - 3*u - 16 = -d, -4*d - 3*u = 4. Suppose 0 = -4*z + 16, -d*y - 3*z - 93 = -y. Does 6 divide y/5*6/(-7)?
True
Is (-1)/(1/98)*(-24)/28 a multiple of 12?
True
Let m(p) = -p**2 + 8*p - 6. Let t be m(9). Is -2*(-4)/((-24)/t) a multiple of 5?
True
Suppose 16 = y + 3*j, 0*y + j = 4*y - 38. Let l(z) = 8*z**2 - 2*z + 2. Let f be l(2). Suppose 3*r + 5*n - f = y, -5*n = -4*r + 65. Does 8 divide r?
False
Let v = 59 + 1. Is v a multiple of 30?
True
Suppose -v + 11 = 3*o, -6*o + o = -3*v - 9. Suppose -4*p + v*p = 6. Is (0/p + -7)/(-1) a multiple of 7?
True
Suppose 0 = -x - 3*x + 12. Let t(j) = 2*j**3 - 4*j**2 + 5*j - 3. Is t(x) a multiple of 10?
True
Suppose 4*f - 28 = -124. Let q = f + 54. Does 10 divide q?
True
Suppose 0 = f + 2*f + 12. Let u be f/(-6) - (-76)/12. Suppose -x + 3 = -u. Does 10 divide x?
True
Suppose -4*h + 18 = v + 6, -3*h + 5*v = 14. Suppose -13 = h*k - 45. Does 4 divide k?
True
Let l be (-2)/(-10) - 24/(-5). Does 8 divide (-2)/l - (-164)/10?
True
Let d(t) = t**2 + 7*t + 6. Let f be d(-6). Let b = f - -20. Is 6 a factor of b?
False
Suppose -809 + 85 = -4*u. Suppose 3*f = 15, -5*j + u = -2*j - 4*f. Is 17 a factor of j?
False
Is (-2)/5 - (-816)/15 a multiple of 9?
True
Suppose 2*c + 4*t + 5 = 1, -2*t = 5*c - 30. Is 2 a factor of c?
True
Is 6 a factor of 12/48 - (-166)/8?
False
Suppose 6*w = 3*w + 171. Is 9 a factor of w/6*(-16)/(-4)?
False
Let h(a) = -a**2 - a + 116. Is 17 a factor of h(0)?
False
Suppose 3*b - 147 = 3*r, -r - 152 = -3*b - 3*r. Is 10 a factor of b?
True
Is 35 a factor of (5/(-5) - -104) + 2?
True
Suppose 3*h = 1 + 2, -2*o - 2*h = -12. Suppose -o*u + 108 = -u. Is 9 a factor of u?
True
Suppose 3*f + f + 8 = 0. Is 16 a factor of 17 - (f + 3 - 0)?
True
Let n = 113 - 53. Is 12 a factor of n?
True
Let v = -6 - -11. Suppose 2*j + 10 = 0, -82 = -v*l - j - 27. Is 11 a factor of l?
False
Let n = 16 - 17. Let b(v) = -9*v - 1. Does 3 divide b(n)?
False
Suppose -4*k + 287 = -197. Does 14 divide k?
False
Suppose 3*f + 3*g = 7*f + 36, -3*g = 12. Does 16 divide (-2 - -8)/(f/(-32))?
True
Suppose o = -0 - 7. Let c(m) = -3 - m - 3 + 2. Is c(o) even?
False
Suppose -3*c = -2*c - 3, u = 4*c - 15. Does 13 divide (-29 - u)/(2 + -3)?
True
Let t(x) = 1 + 2*x**2 - 6*x**2 + 21*x**3 + 2*x**2. Does 20 divide t(1)?
True
Let t = 21 + 28. Does 2 divide t?
False
Suppose 5*y - 4*d + d - 497 = 0, 0 = -4*y - 